ber?
True
Let r(n) = 3*n**3 + 31*n**2 - 145*n + 4929. Is r(38) a prime number?
True
Let n be ((-4)/6)/((-16)/24). Suppose a - n = -3. Is (a + 3)/(3/(-14589)*-3) a prime number?
True
Is (-95584005)/(-891) - (60/27 - 2) prime?
False
Suppose 44*w = 51*w - 33684. Suppose -j = -2*q - 857, -q - 1357 + w = 4*j. Is j a composite number?
False
Suppose 404 = -27*p + 3509. Suppose -2*b + 121 = -p. Is b prime?
False
Suppose -6*i = 37 - 7. Let m(z) = 85*z**2 - 14*z - 16. Is m(i) a composite number?
False
Let q be -1 + 2 + 1 - -642. Let o = 3 + 2. Suppose o*f + 10*j = 6*j + 3231, -q = -f - 3*j. Is f prime?
True
Suppose -8*n + 49171 + 7517 = 0. Suppose -6*l + 1536 = -n. Is l composite?
True
Suppose 4*k = 3*y - 77984, -48671 = 5*k - 5*y + 48809. Let u = -11325 - k. Is u composite?
False
Let a(i) = 203*i**3 - i**2 + 5*i - 4. Let u be a(3). Suppose 3*s + 5*z - u = z, 4*s - 2*z = 7274. Let g = s + -724. Is g a composite number?
False
Let v = -13903 + 63774. Is v a prime number?
True
Let l(s) = 28*s**3 - 13*s**2 + 17*s - 511. Is l(18) prime?
False
Let f be 10/4 - 10421/(-2). Let g = f - -4144. Is g a composite number?
True
Let j = 275 + -659. Is (-3)/(-6)*(-2 - j) prime?
True
Let d = 521997 + -788158. Is (-4)/(-26) + d/(-91) - -2 prime?
True
Let l be 18/(-24) - ((-166)/8 - -1). Suppose l*o + 13*o = 131872. Is o prime?
False
Suppose l - 31284 = -3*w, -723*w + 5*l - 31296 = -726*w. Is w prime?
True
Let o(k) = -3*k**2 - 8*k + 3. Let a be o(-3). Let x be 9*(3/9 + a). Suppose -x*l - q + 176 = 0, -222 = -4*l - 2*q + 14. Is l prime?
False
Suppose -3*r = -10 + 589. Let g = 65 - r. Let i = g + -56. Is i a composite number?
True
Let u(i) = -29900*i**3 - 6*i**2 - 2*i + 17. Is u(-2) a prime number?
False
Is 270/(-180)*(-806924)/6 a composite number?
False
Suppose 0*n - 35068 = 11*n. Let r = n - -4682. Let d = 2281 - r. Is d a composite number?
False
Suppose -13570 + 115182 = 4*q. Suppose -23*i - q = -30*i. Suppose 3*y + 0*r - 2*r = i, -4*r + 4852 = 4*y. Is y a composite number?
True
Suppose -358 = -2*s - 56. Suppose -s - 649 = 5*m. Let n = m - -1067. Is n prime?
True
Let x(d) = 2*d**3 + 16*d**2 + 3*d - 8. Let r be x(9). Let u = 3990 - r. Is u a prime number?
True
Let u be -1 + 35/20 + (-34)/(-8). Let g be 0 - (6 + 0) - (u + -3). Is 2/g + 121810/104 a composite number?
False
Let w(p) = 2*p**2 - 26*p + 37. Let d be (42/(-4))/((-5)/10). Is w(d) prime?
True
Let w be ((-594584)/(-16))/(2/(-4)). Let b = -42944 - w. Is b composite?
False
Let n = 19 + -7. Let t be (n/(-10))/(11/4565). Let y = -235 - t. Is y prime?
True
Let a(i) be the second derivative of 146*i**3/3 + 33*i**2/2 + 2*i + 8. Is a(22) prime?
False
Let z = -7 - -34. Suppose 28*x = z*x + 7673. Let f = x + -4896. Is f a composite number?
False
Let t be (-10)/(-4)*12172/5. Let o = t + -3067. Is o prime?
True
Let n = 1328500 - 834707. Is n composite?
False
Let y(l) = 301*l**2 + 66*l + 9. Is y(4) a composite number?
True
Let i(a) = 993*a**3 + a**2 + a. Let n(t) = 2978*t**3 + 4*t**2 + 2*t - 1. Let w(h) = -7*i(h) + 2*n(h). Is w(-1) a composite number?
False
Is (2 - 3)/(110365584/12262845 + -9) a composite number?
True
Let b be (4814/(-4))/(2/4). Let h = -1242 - b. Let c = -286 + h. Is c a composite number?
True
Let t(j) = j**3 + 8*j**2 - j + 17. Let s be 2/(-4) + 60/(-8). Let d be t(s). Let g = 33 + d. Is g composite?
True
Suppose -25*r = -20*r + 240. Let q(m) = -m**2 - 154*m - 11. Is q(r) composite?
False
Suppose -6*u - 8*m + 3*m + 7743302 = 0, 3*u - 3*m = 3871695. Is u composite?
True
Let r(y) = -3246*y**2 - 35*y - 43. Let o(w) = 1082*w**2 + 12*w + 14. Let z(m) = -8*o(m) - 3*r(m). Is z(-2) prime?
True
Let z(m) = -192*m - 1333. Let k be z(-34). Let q be (4584/5)/((-2)/(-10)). Suppose -11*x = -q - k. Is x a composite number?
True
Let i be ((-2)/10)/(((-9)/(-108065))/(-9)). Suppose 4*k - i = -5*o, 5*k - 2*k = 5*o - 21599. Is o prime?
False
Suppose r = -4*i + 3, 3*r + 5 = -4*i - 2. Let a be (i/(-5))/((-19)/95). Suppose a*u - 347 = u. Is u a composite number?
False
Let w be 16*4/((-8)/(-5))*1. Let p be (-16)/w - (-6906)/15. Suppose -p = -10*d + 810. Is d a prime number?
True
Let x be (-4)/6*(-15)/(-5). Let h be x + 8/4 - (-4)/(-1). Is 17030/20 - (-2)/h a composite number?
True
Suppose -70*k = 5*g - 66*k - 1561855, 0 = 5*g + k - 1561855. Is g a composite number?
False
Let r(q) = 316*q**2 - 2*q - 7. Let n = 252 + -255. Is r(n) prime?
True
Suppose 3*y + y - m = -601, 4*y + 596 = -4*m. Let v = y + 213. Suppose -53204 + v = -11*r. Is r composite?
False
Suppose -66 = 9*w - 84. Suppose -3*h + h - 173687 = -3*s, h = w*s - 115793. Is s composite?
False
Is 1*26845 - (-18)/(-90)*10 composite?
True
Suppose 0 = 97*u - 206892 - 760877. Is u prime?
False
Let g be -25*(3 - (-34)/(-10)). Let c(z) be the first derivative of 4*z**2 - 23*z + 229. Is c(g) prime?
False
Let y(j) = -51*j**3 - 20*j - 37. Suppose 43*k = 49*k + 36. Is y(k) prime?
False
Let c be (21 - 9 - -8)*(-4)/(-10). Suppose -c = -9*z + 37. Suppose -y = z*y - 24294. Is y a prime number?
True
Let t(h) = 151*h**2 - 7*h - 5. Let o be (29 + -31)*(1 - 0). Is t(o) a prime number?
True
Let d be 1360/136 + (1 - 6). Let v(f) = 21*f - 26. Let p(x) = -20*x + 27. Let g(c) = 2*p(c) + 3*v(c). Is g(d) a prime number?
False
Let o(q) = -28*q**2 + 3*q + 11. Let t be o(-2). Let m = t + 115. Suppose 0 = -5*n + m*n - 3831. Is n prime?
True
Suppose -8*x + 11*x - 11313 = 0. Suppose -5*u = 4*u - x. Is u a composite number?
False
Let j = 598 + -604. Is (-2 - 10/j)*-32709 prime?
True
Suppose -5*r - 1763 = 3*i - 9742, 2*i + 3*r = 5319. Suppose 3*f = -0*f + i. Suppose -2*c + f = 224. Is c composite?
False
Suppose -i = -4*x - 2389 - 2789, -3*i - x = -15482. Suppose -154*y = -156*y + i. Is y a prime number?
False
Let r(f) = -2*f**3 + 86*f**2 - 20*f - 355. Is r(42) prime?
True
Let p(m) = 13*m**3 - m**2 - 5*m + 7. Let h(b) = b**3 + 6*b**2 + 4*b - 1. Let v(g) = 3*g + 16. Let o be v(-7). Let k be h(o). Is p(k) a composite number?
True
Let c(i) = 26*i + 8059. Suppose -13*q = 7*q - q. Is c(q) a prime number?
True
Let u(s) = -9 - 12*s + 0 - 20*s**2 - 21*s - 21*s + s**3. Let a be u(26). Suppose a = o + 812. Is o a prime number?
True
Let h be (-6)/((-2)/(-6)*-2). Suppose q - 530 = 525. Suppose -h*x + q = -4*x. Is x composite?
False
Suppose -2*q + 5*o = -67422, 57*o - 61*o - 32 = 0. Is q prime?
False
Suppose 28142 = -3*t - 5*p, -5*t + 2*t = -p + 28136. Let a = -3983 - t. Suppose a = 13*r + 430. Is r prime?
False
Let p(c) = -56*c - 75. Let j be 45/9*1*-2. Is p(j) composite?
True
Let f(o) = 94*o**3 + 57*o - 202. Is f(17) a composite number?
False
Suppose 8*v - 2848242 = v + 1970299. Is v composite?
True
Suppose -3*q + 586881 = -22*n + 23*n, 3*q - 2*n = 586872. Is q a composite number?
True
Suppose -2*l = 3*l - 4*d - 2430, -5*d + 25 = 0. Suppose 13*i + 2330 = -1970 + 1349. Let k = i + l. Is k a prime number?
True
Let a = -66 + 52. Let m(x) = -73*x - 1. Let h be m(a). Let z = -554 + h. Is z composite?
False
Let q(y) = -5*y + 7. Let l be q(2). Let t(b) = -32*b**3 + 2*b**2 - 4*b + 4. Let d be t(l). Suppose 0 = 4*o + 3*r - d, -r + 2*r = 2. Is o prime?
True
Let i(u) be the first derivative of 5 + 5*u + 2/3*u**3 + 1/4*u**4 - 17/2*u**2. Is i(4) composite?
True
Suppose -56*l + 62*l - 18 = 0. Suppose -4*k - d = -4*d - 19124, l*k - 3*d - 14343 = 0. Is k composite?
True
Let w(n) = n - 1. Let j(d) = d**2 - 3*d - 1. Let t(f) = -j(f) + 4*w(f). Let a be t(6). Suppose 4*y - a*s - 8725 = 0, -11 + 2 = 3*s. Is y composite?
False
Let r(m) be the third derivative of 43*m**6/360 - m**5/20 + m**4/6 + m**3/3 + 8*m**2. Let k(g) be the first derivative of r(g). Is k(3) composite?
False
Suppose -11669 = -6*m + 25123. Is (m + -3 - 5) + (2 - 5) a composite number?
False
Suppose -5*c = 3*m - 13, -m + 2*c = 4*m - 32. Suppose 5*a = 4*s - 3606, a = s + m*a - 889. Is s a composite number?
True
Let a(g) be the first derivative of -g**4/4 + 20*g**3/3 - 15*g**2/2 + 9*g - 1. Suppose -63*v + 10*v + 1007 = 0. Is a(v) a prime number?
False
Suppose t + f + 4*f - 2 = 0, -3*t = 3*f - 30. Let q be (t/(-21))/(6/(-42)). Suppose -5*s - 317 = -a, 1173 = q*a - 4*s - 95. Is a a composite number?
False
Let y(v) be the second derivative of v**4 + v**3/6 + 7*v**2/2 + 15*v + 1. Is y(4) a prime number?
False
Suppose -86 - 22 = 4*f. Let t = f + 2476. Is t a composite number?
True
